{"id":18,"date":"2023-11-04T19:16:56","date_gmt":"2023-11-04T18:16:56","guid":{"rendered":"https:\/\/notre-force-coaching.fr\/?page_id=18"},"modified":"2025-04-19T12:42:41","modified_gmt":"2025-04-19T10:42:41","slug":"relation-humain-chien","status":"publish","type":"page","link":"https:\/\/notre-force-coaching.fr\/index.php\/relation-humain-chien\/","title":{"rendered":"Relation humain-chien"},"content":{"rendered":"\t\t<div data-elementor-type=\"wp-page\" data-elementor-id=\"18\" class=\"elementor elementor-18\">\n\t\t\t\t<div class=\"elementor-element elementor-element-3a35eb25 e-flex e-con-boxed e-con e-parent\" data-id=\"3a35eb25\" data-element_type=\"container\" data-e-type=\"container\" data-settings=\"{&quot;background_background&quot;:&quot;classic&quot;}\">\n\t\t\t\t\t<div class=\"e-con-inner\">\n\t\t\t\t<div class=\"elementor-element elementor-element-ba46a74 elementor-widget elementor-widget-heading\" data-id=\"ba46a74\" data-element_type=\"widget\" data-e-type=\"widget\" data-widget_type=\"heading.default\">\n\t\t\t\t<div class=\"elementor-widget-container\">\n\t\t\t\t\t<h2 class=\"elementor-heading-title elementor-size-default\">Relation humain-chien<\/h2>\t\t\t\t<\/div>\n\t\t\t\t<\/div>\n\t\t\t\t<div class=\"elementor-element elementor-element-498f7e01 elementor-widget elementor-widget-text-editor\" data-id=\"498f7e01\" data-element_type=\"widget\" data-e-type=\"widget\" data-widget_type=\"text-editor.default\">\n\t\t\t\t<div class=\"elementor-widget-container\">\n\t\t\t\t\t\t\t\t\t\n<p>Accompagnement dans votre relation avec votre ou vos chien\u00b7nes<\/p>\n\t\t\t\t\t\t\t\t<\/div>\n\t\t\t\t<\/div>\n\t\t\t\t\t<\/div>\n\t\t\t\t<\/div>\n\t\t<div class=\"elementor-element elementor-element-0dfc40c e-flex e-con-boxed e-con e-parent\" data-id=\"0dfc40c\" data-element_type=\"container\" data-e-type=\"container\" data-settings=\"{&quot;background_background&quot;:&quot;classic&quot;}\">\n\t\t\t\t\t<div class=\"e-con-inner\">\n\t\t\t\t<div class=\"elementor-element elementor-element-5e4aaaf elementor-widget elementor-widget-text-editor\" data-id=\"5e4aaaf\" data-element_type=\"widget\" data-e-type=\"widget\" data-widget_type=\"text-editor.default\">\n\t\t\t\t<div class=\"elementor-widget-container\">\n\t\t\t\t\t\t\t\t\t<p>Pour tous les accompagnements propos\u00e9s ci-dessous, ma zone d&#8217;intervention est de 30 km autour de Brie-Comte-Robert (77).<\/p>\t\t\t\t\t\t\t\t<\/div>\n\t\t\t\t<\/div>\n\t\t\t\t\t<\/div>\n\t\t\t\t<\/div>\n\t\t<div class=\"elementor-element elementor-element-58a3334 e-flex e-con-boxed e-con e-parent\" data-id=\"58a3334\" data-element_type=\"container\" data-e-type=\"container\" data-settings=\"{&quot;background_background&quot;:&quot;classic&quot;}\">\n\t\t\t\t\t<div class=\"e-con-inner\">\n\t\t\t\t<div class=\"elementor-element elementor-element-cd99ed7 elementor-widget elementor-widget-heading\" data-id=\"cd99ed7\" data-element_type=\"widget\" data-e-type=\"widget\" data-widget_type=\"heading.default\">\n\t\t\t\t<div class=\"elementor-widget-container\">\n\t\t\t\t\t<h2 class=\"elementor-heading-title elementor-size-default\">Accompagnement avant et pendant adoption\/achat pour conseils adapt\u00e9s<\/h2>\t\t\t\t<\/div>\n\t\t\t\t<\/div>\n\t\t\t\t<div class=\"elementor-element elementor-element-d126668 elementor-widget elementor-widget-text-editor\" data-id=\"d126668\" data-element_type=\"widget\" data-e-type=\"widget\" data-widget_type=\"text-editor.default\">\n\t\t\t\t<div class=\"elementor-widget-container\">\n\t\t\t\t\t\t\t\t\t\n<p><span style=\"font-weight: 400;\">Choisir de vivre avec un nouvel individu canin n\u2019est pas anodin et il est responsable de se faire accompagner dans cette d\u00e9marche si on en ressent le besoin. Selon vos conditions de vie, vos envies et vos besoins personnels, je pourrai vous orienter vers le loulou qui sera ravi de partager sa vie avec vous :<\/span><\/p>\n<ul>\n<li style=\"font-weight: 400;\" aria-level=\"1\"><span style=\"font-weight: 400;\">on se questionnera sur son lieu d\u2019origine adapt\u00e9<\/span> <span style=\"font-weight: 400;\">(refuge, particuliers ou \u00e9levage), sur sa race, son \u00e2ge, son temp\u00e9rament, ses besoins, son co\u00fbt au quotidien etc,<\/span><\/li>\n<li style=\"font-weight: 400;\" aria-level=\"1\"><span style=\"font-weight: 400;\">je vous guiderai, voire vous accompagnerai en pr\u00e9sentiel sur le lieu d\u2019adoption, afin de poser les questions n\u00e9cessaires et pertinentes pour une bonne compatibilit\u00e9 entre vous,<\/span><\/li>\n<li style=\"font-weight: 400;\" aria-level=\"1\"><span style=\"font-weight: 400;\">je vous donnerai les cl\u00e9s pour une cohabitation sereine o\u00f9 les besoins de chacun.es se doivent d\u2019\u00eatre respect\u00e9s (\u00e9ducation, am\u00e9nagement, balades adapt\u00e9es etc),<\/span><\/li>\n<li style=\"font-weight: 400;\" aria-level=\"1\"><span style=\"font-weight: 400;\">je vous suivrai dans cette nouvelle aventure.<\/span><\/li>\n<\/ul>\n<p><span style=\"font-weight: 400;\">Le tarif est de 60 euros la s\u00e9ance et pour les trajets de plus de 10 minutes, les frais kilom\u00e9triques sont \u00e0 0,5 euros par km. La s\u00e9ance se passe chez vous pour que l\u2019accompagnement soit qualitatif.<\/span><\/p>\n\t\t\t\t\t\t\t\t<\/div>\n\t\t\t\t<\/div>\n\t\t\t\t\t<\/div>\n\t\t\t\t<\/div>\n\t\t<div class=\"elementor-element elementor-element-1d01ecc e-flex e-con-boxed e-con e-parent\" data-id=\"1d01ecc\" data-element_type=\"container\" data-e-type=\"container\" data-settings=\"{&quot;background_background&quot;:&quot;classic&quot;}\">\n\t\t\t\t\t<div class=\"e-con-inner\">\n\t\t\t\t<div class=\"elementor-element elementor-element-f966ba5 elementor-widget elementor-widget-heading\" data-id=\"f966ba5\" data-element_type=\"widget\" data-e-type=\"widget\" data-widget_type=\"heading.default\">\n\t\t\t\t<div class=\"elementor-widget-container\">\n\t\t\t\t\t<h2 class=\"elementor-heading-title elementor-size-default\">Accompagnement pour apaiser une situation <\/h2>\t\t\t\t<\/div>\n\t\t\t\t<\/div>\n\t\t\t\t<div class=\"elementor-element elementor-element-a71bb08 elementor-widget elementor-widget-text-editor\" data-id=\"a71bb08\" data-element_type=\"widget\" data-e-type=\"widget\" data-widget_type=\"text-editor.default\">\n\t\t\t\t<div class=\"elementor-widget-container\">\n\t\t\t\t\t\t\t\t\t\n<p><span style=\"font-weight: 400;\">Parfois un loulou ne va pas bien et pr\u00e9sente un ou des comportements g\u00eanants : soucis de propret\u00e9, destruction, excitation, aboiements, agressivit\u00e9 etc. La cohabitation est alors difficile et la relation compliqu\u00e9e. En tant que professionnel du comportement canin, je peux vous aider \u00e0 am\u00e9liorer la situation. Pour cela :\u00a0<\/span><\/p>\n<ul>\n<li style=\"font-weight: 400;\" aria-level=\"1\"><span style=\"font-weight: 400;\">j\u2019identifierai et analyserai le ou les probl\u00e8mes,<\/span><\/li>\n<li style=\"font-weight: 400;\" aria-level=\"1\"><span style=\"font-weight: 400;\">je vous conseillerai et proposerai des mises en place adapt\u00e9es,<\/span><\/li>\n<li style=\"font-weight: 400;\" aria-level=\"1\"><span style=\"font-weight: 400;\">je vous suivrai afin de travailler ensemble \u00e0 trouver votre \u00e9quilibre o\u00f9 vos besoins individuels seront respect\u00e9s.<\/span><\/li>\n<\/ul>\n<p><span style=\"font-weight: 400;\">Le tarif est de 60 euros la s\u00e9ance et pour les trajets de plus de 10 minutes, les frais kilom\u00e9triques sont \u00e0 0,5 euros par km. La s\u00e9ance se passe chez vous pour que l\u2019accompagnement soit qualitatif.<\/span><\/p>\n\t\t\t\t\t\t\t\t<\/div>\n\t\t\t\t<\/div>\n\t\t\t\t\t<\/div>\n\t\t\t\t<\/div>\n\t\t<div class=\"elementor-element elementor-element-55c3ef8 e-flex e-con-boxed e-con e-parent\" data-id=\"55c3ef8\" data-element_type=\"container\" data-e-type=\"container\" data-settings=\"{&quot;background_background&quot;:&quot;classic&quot;}\">\n\t\t\t\t\t<div class=\"e-con-inner\">\n\t\t\t\t<div class=\"elementor-element elementor-element-9d6787f elementor-widget elementor-widget-heading\" data-id=\"9d6787f\" data-element_type=\"widget\" data-e-type=\"widget\" data-widget_type=\"heading.default\">\n\t\t\t\t<div class=\"elementor-widget-container\">\n\t\t\t\t\t<h2 class=\"elementor-heading-title elementor-size-default\">Bilan comportemental<\/h2>\t\t\t\t<\/div>\n\t\t\t\t<\/div>\n\t\t\t\t<div class=\"elementor-element elementor-element-8089729 elementor-widget elementor-widget-text-editor\" data-id=\"8089729\" data-element_type=\"widget\" data-e-type=\"widget\" data-widget_type=\"text-editor.default\">\n\t\t\t\t<div class=\"elementor-widget-container\">\n\t\t\t\t\t\t\t\t\t\n<p><span style=\"font-weight: 400;\">Un bilan comportemental peut \u00eatre tr\u00e8s utile dans certaines situations : chien\u00b7ne de refuge tout juste adopt\u00e9\u00b7e, changement dans l\u2019environnement (nouveau n\u00e9, d\u00e9m\u00e9nagement, nouvel\u00b7le partenaire etc), changement d\u2019attitude chez votre chien\u00b7ne, ou juste une curiosit\u00e9 de votre part afin d\u2019avoir un retour sur le bien-\u00eatre de votre loulou.\u00a0<\/span><\/p>\n<p><span style=\"font-weight: 400;\">Pendant cette s\u00e9ance :\u00a0<\/span><\/p>\n<ul>\n<li style=\"font-weight: 400;\" aria-level=\"1\"><span style=\"font-weight: 400;\">j\u2019identifierai et analyserai le ou les probl\u00e8mes (pr\u00e9sents ou \u00e0 venir),<\/span><\/li>\n<li style=\"font-weight: 400;\" aria-level=\"1\"><span style=\"font-weight: 400;\">je vous donnerai les outils n\u00e9cessaires afin qu\u2019ils ne se pr\u00e9sentent plus,<\/span><\/li>\n<li style=\"font-weight: 400;\" aria-level=\"1\"><span style=\"font-weight: 400;\">je vous ferai un compte rendu \u00e9crit de toutes mes observations et proposerai des mises en place adapt\u00e9es,<\/span><\/li>\n<li style=\"font-weight: 400;\" aria-level=\"1\"><span style=\"font-weight: 400;\">je vous dirai s\u2019il y a besoin d\u2019un suivi ou non.<\/span><\/li>\n<\/ul>\n<p><span style=\"font-weight: 400;\">Le tarif est de 90 euros la s\u00e9ance et pour les trajets de plus de 10 minutes, les frais kilom\u00e9triques sont \u00e0 0,5 euros par km. La s\u00e9ance se passe chez vous pour que l\u2019accompagnement soit qualitatif.<\/span><\/p>\n<p><span style=\"font-weight: 400;\">R\u00e9duction de 30 euros sur la prochaine s\u00e9ance si besoin d\u2019un suivi.<\/span><\/p>\n<p><span style=\"font-weight: 400;\">(La premi\u00e8re s\u00e9ance est \u00e0 90 euros puis les suivantes \u00e0 60 euros. Une r\u00e9duction de 30 euros vous est propos\u00e9e \u00e0 la 3\u00e8me s\u00e9ance.)<\/span><\/p>\n\t\t\t\t\t\t\t\t<\/div>\n\t\t\t\t<\/div>\n\t\t\t\t\t<\/div>\n\t\t\t\t<\/div>\n\t\t\t\t<\/div>\n\t\t","protected":false},"excerpt":{"rendered":"<p>Relation humain-chien Accompagnement dans votre relation avec votre ou vos chien\u00b7nes Pour tous les accompagnements propos\u00e9s ci-dessous, ma zone d&#8217;intervention est de 30 km autour de Brie-Comte-Robert (77). Accompagnement avant et pendant adoption\/achat pour conseils adapt\u00e9s Choisir de vivre avec un nouvel individu canin n\u2019est pas anodin et il est responsable de se faire accompagner [&hellip;]<\/p>\n","protected":false},"author":1,"featured_media":0,"parent":0,"menu_order":0,"comment_status":"closed","ping_status":"closed","template":"elementor_header_footer","meta":{"ocean_post_layout":"","ocean_both_sidebars_style":"","ocean_both_sidebars_content_width":0,"ocean_both_sidebars_sidebars_width":0,"ocean_sidebar":"","ocean_second_sidebar":"","ocean_disable_margins":"enable","ocean_add_body_class":"","ocean_shortcode_before_top_bar":"","ocean_shortcode_after_top_bar":"","ocean_shortcode_before_header":"","ocean_shortcode_after_header":"","ocean_has_shortcode":"","ocean_shortcode_after_title":"","ocean_shortcode_before_footer_widgets":"","ocean_shortcode_after_footer_widgets":"","ocean_shortcode_before_footer_bottom":"","ocean_shortcode_after_footer_bottom":"","ocean_display_top_bar":"default","ocean_display_header":"default","ocean_header_style":"","ocean_center_header_left_menu":"","ocean_custom_header_template":"","ocean_custom_logo":0,"ocean_custom_retina_logo":0,"ocean_custom_logo_max_width":0,"ocean_custom_logo_tablet_max_width":0,"ocean_custom_logo_mobile_max_width":0,"ocean_custom_logo_max_height":0,"ocean_custom_logo_tablet_max_height":0,"ocean_custom_logo_mobile_max_height":0,"ocean_header_custom_menu":"","ocean_menu_typo_font_family":"","ocean_menu_typo_font_subset":"","ocean_menu_typo_font_size":0,"ocean_menu_typo_font_size_tablet":0,"ocean_menu_typo_font_size_mobile":0,"ocean_menu_typo_font_size_unit":"px","ocean_menu_typo_font_weight":"","ocean_menu_typo_font_weight_tablet":"","ocean_menu_typo_font_weight_mobile":"","ocean_menu_typo_transform":"","ocean_menu_typo_transform_tablet":"","ocean_menu_typo_transform_mobile":"","ocean_menu_typo_line_height":0,"ocean_menu_typo_line_height_tablet":0,"ocean_menu_typo_line_height_mobile":0,"ocean_menu_typo_line_height_unit":"","ocean_menu_typo_spacing":0,"ocean_menu_typo_spacing_tablet":0,"ocean_menu_typo_spacing_mobile":0,"ocean_menu_typo_spacing_unit":"","ocean_menu_link_color":"","ocean_menu_link_color_hover":"","ocean_menu_link_color_active":"","ocean_menu_link_background":"","ocean_menu_link_hover_background":"","ocean_menu_link_active_background":"","ocean_menu_social_links_bg":"","ocean_menu_social_hover_links_bg":"","ocean_menu_social_links_color":"","ocean_menu_social_hover_links_color":"","ocean_disable_title":"default","ocean_disable_heading":"default","ocean_post_title":"","ocean_post_subheading":"","ocean_post_title_style":"","ocean_post_title_background_color":"","ocean_post_title_background":0,"ocean_post_title_bg_image_position":"","ocean_post_title_bg_image_attachment":"","ocean_post_title_bg_image_repeat":"","ocean_post_title_bg_image_size":"","ocean_post_title_height":0,"ocean_post_title_bg_overlay":0.5,"ocean_post_title_bg_overlay_color":"","ocean_disable_breadcrumbs":"default","ocean_breadcrumbs_color":"","ocean_breadcrumbs_separator_color":"","ocean_breadcrumbs_links_color":"","ocean_breadcrumbs_links_hover_color":"","ocean_display_footer_widgets":"default","ocean_display_footer_bottom":"default","ocean_custom_footer_template":"","footnotes":""},"class_list":["post-18","page","type-page","status-publish","hentry","entry"],"_links":{"self":[{"href":"https:\/\/notre-force-coaching.fr\/index.php\/wp-json\/wp\/v2\/pages\/18","targetHints":{"allow":["GET"]}}],"collection":[{"href":"https:\/\/notre-force-coaching.fr\/index.php\/wp-json\/wp\/v2\/pages"}],"about":[{"href":"https:\/\/notre-force-coaching.fr\/index.php\/wp-json\/wp\/v2\/types\/page"}],"author":[{"embeddable":true,"href":"https:\/\/notre-force-coaching.fr\/index.php\/wp-json\/wp\/v2\/users\/1"}],"replies":[{"embeddable":true,"href":"https:\/\/notre-force-coaching.fr\/index.php\/wp-json\/wp\/v2\/comments?post=18"}],"version-history":[{"count":8,"href":"https:\/\/notre-force-coaching.fr\/index.php\/wp-json\/wp\/v2\/pages\/18\/revisions"}],"predecessor-version":[{"id":433,"href":"https:\/\/notre-force-coaching.fr\/index.php\/wp-json\/wp\/v2\/pages\/18\/revisions\/433"}],"wp:attachment":[{"href":"https:\/\/notre-force-coaching.fr\/index.php\/wp-json\/wp\/v2\/media?parent=18"}],"curies":[{"name":"wp","href":"https:\/\/api.w.org\/{rel}","templated":true}]}}